{"id":11,"date":"2016-12-15T21:06:05","date_gmt":"2016-12-15T20:06:05","guid":{"rendered":"http:\/\/www.artandlowvision.be\/?page_id=11"},"modified":"2026-03-25T17:51:17","modified_gmt":"2026-03-25T16:51:17","slug":"page-daccueil","status":"publish","type":"page","link":"https:\/\/www.artandlowvision.be\/fr\/","title":{"rendered":"Qui sommes-nous ?"},"content":{"rendered":"\n<p class=\"has-text-align-center\"><em>\u00ab\u00a0En faisant simplement appel \u00e0 la m\u00e9moire<br\/>le malvoyant est capable<br\/>de dessiner l&rsquo;objet invisible de sa passion<br\/>et de retrouver sa place dans la soci\u00e9t\u00e9.\u00a0\u00bb<br\/>\u00ab\u00a0Charles Emmanuel SCHELFHOUT\u00a0\u00bb<\/em><\/p>\n\n<p>L&rsquo;association Art et d\u00e9ficience visuelle a \u00e9t\u00e9 fond\u00e9e en 2014 par Charles Emmanuel Schelfhout, un artiste devenu lui-m\u00eame d\u00e9ficient visuel. En 2023, Sa Majest\u00e9 le Roi Philippe lui accordera le titre de Baron pour son engagement en faveur des artistes malvoyants.<\/p>\n\n<p>Notre mission est d&rsquo;encourager les personnes malvoyantes en leur donnant la possibilit\u00e9 de participer au concours international de dessin, de peinture et de sculpture et de pr\u00e9senter leurs \u0153uvres dans le cadre d&rsquo;expositions publiques. Chaque ann\u00e9e, un jury distingu\u00e9, pr\u00e9sid\u00e9 par le professeur Bart Leroy de l&rsquo;universit\u00e9 de Gand, s\u00e9lectionne les laur\u00e9ats sur la base des crit\u00e8res suivants :<br\/>Harmonie et sensibilit\u00e9 artistique,<br\/>Originalit\u00e9 du message,<br\/>Qualit\u00e9 et complexit\u00e9 de l&rsquo;interpr\u00e9tation.<\/p>\n\n<p>Enfin, le prix du public, d\u00e9cern\u00e9 en ligne ou en personne lors des expositions, r\u00e9compensera l&rsquo;\u0153uvre la plus populaire.<\/p>\n\n<p class=\"has-text-align-center has-medium-font-size\"><strong>2026<\/strong><\/p>\n\n<p>Les inscriptions au concours international annuel de dessin, de peinture et de sculpture pour malvoyants sont ouvertes jusqu&rsquo;au 1er octobre 2026.<\/p>\n\n<p>Exposition des \u0153uvres participantes et c\u00e9r\u00e9monie de remise des prix : 26 novembre pendant le congr\u00e8s OB26 au Square \u00e0 Bruxelles.<\/p>\n\n<p>Prix du public : soutenez les artistes d\u00e9ficients visuels en participant en ligne du 25 octobre au 15 d\u00e9cembre 2026.<\/p>\n\n<p>Rejoignez-nous et aidez les personnes dont la visibilit\u00e9 est obstru\u00e9e par le brouillard.<\/p>\n\n<p>info@artandlowvision.be<\/p>\n\n<p>Dendermondesteenweg 519\/201, 9070 Destelbergen, Belgique<br\/>Avenue Reine Astrid 29\/8, 4900 Spa Belgique<br\/>Compte bancaire : IBAN : BE95 0004 2639 8458 BIC : BPOTBEB1<\/p>\n\n<p><\/p>\n","protected":false},"excerpt":{"rendered":"<p>\u00ab\u00a0En faisant simplement appel \u00e0 la m\u00e9moirele malvoyant est capablede dessiner l&rsquo;objet invisible de sa passionet de retrouver sa place dans la soci\u00e9t\u00e9.\u00a0\u00bb\u00ab\u00a0Charles Emmanuel SCHELFHOUT\u00a0\u00bb L&rsquo;association Art et d\u00e9ficience visuelle a \u00e9t\u00e9 fond\u00e9e en 2014 par Charles Emmanuel Schelfhout, un artiste devenu lui-m\u00eame d\u00e9ficient visuel. En 2023, Sa Majest\u00e9 le Roi Philippe lui accordera le [&hellip;]<\/p>\n","protected":false},"author":1,"featured_media":0,"parent":0,"menu_order":0,"comment_status":"closed","ping_status":"closed","template":"","meta":{"_uag_custom_page_level_css":"","site-sidebar-layout":"default","site-content-layout":"","ast-site-content-layout":"default","site-content-style":"default","site-sidebar-style":"default","ast-global-header-display":"","ast-banner-title-visibility":"","ast-main-header-display":"","ast-hfb-above-header-display":"","ast-hfb-below-header-display":"","ast-hfb-mobile-header-display":"","site-post-title":"","ast-breadcrumbs-content":"","ast-featured-img":"","footer-sml-layout":"","ast-disable-related-posts":"","theme-transparent-header-meta":"","adv-header-id-meta":"","stick-header-meta":"","header-above-stick-meta":"","header-main-stick-meta":"","header-below-stick-meta":"","astra-migrate-meta-layouts":"set","ast-page-background-enabled":"default","ast-page-background-meta":{"desktop":{"background-color":"var(--ast-global-color-4)","background-image":"","background-repeat":"repeat","background-position":"center center","background-size":"auto","background-attachment":"scroll","background-type":"","background-media":"","overlay-type":"","overlay-color":"","overlay-opacity":"","overlay-gradient":""},"tablet":{"background-color":"","background-image":"","background-repeat":"repeat","background-position":"center center","background-size":"auto","background-attachment":"scroll","background-type":"","background-media":"","overlay-type":"","overlay-color":"","overlay-opacity":"","overlay-gradient":""},"mobile":{"background-color":"","background-image":"","background-repeat":"repeat","background-position":"center center","background-size":"auto","background-attachment":"scroll","background-type":"","background-media":"","overlay-type":"","overlay-color":"","overlay-opacity":"","overlay-gradient":""}},"ast-content-background-meta":{"desktop":{"background-color":"var(--ast-global-color-5)","background-image":"","background-repeat":"repeat","background-position":"center center","background-size":"auto","background-attachment":"scroll","background-type":"","background-media":"","overlay-type":"","overlay-color":"","overlay-opacity":"","overlay-gradient":""},"tablet":{"background-color":"var(--ast-global-color-5)","background-image":"","background-repeat":"repeat","background-position":"center center","background-size":"auto","background-attachment":"scroll","background-type":"","background-media":"","overlay-type":"","overlay-color":"","overlay-opacity":"","overlay-gradient":""},"mobile":{"background-color":"var(--ast-global-color-5)","background-image":"","background-repeat":"repeat","background-position":"center center","background-size":"auto","background-attachment":"scroll","background-type":"","background-media":"","overlay-type":"","overlay-color":"","overlay-opacity":"","overlay-gradient":""}},"footnotes":""},"class_list":["post-11","page","type-page","status-publish","hentry"],"uagb_featured_image_src":{"full":false,"thumbnail":false,"medium":false,"medium_large":false,"large":false,"1536x1536":false,"2048x2048":false},"uagb_author_info":{"display_name":"sylvine","author_link":"https:\/\/www.artandlowvision.be\/fr\/author\/sylvine\/"},"uagb_comment_info":0,"uagb_excerpt":"\u00ab\u00a0En faisant simplement appel \u00e0 la m\u00e9moirele malvoyant est capablede dessiner l&rsquo;objet invisible de sa passionet de retrouver sa place dans la soci\u00e9t\u00e9.\u00a0\u00bb\u00ab\u00a0Charles Emmanuel SCHELFHOUT\u00a0\u00bb L&rsquo;association Art et d\u00e9ficience visuelle a \u00e9t\u00e9 fond\u00e9e en 2014 par Charles Emmanuel Schelfhout, un artiste devenu lui-m\u00eame d\u00e9ficient visuel. En 2023, Sa Majest\u00e9 le Roi Philippe lui accordera le\u2026","_links":{"self":[{"href":"https:\/\/www.artandlowvision.be\/fr\/wp-json\/wp\/v2\/pages\/11","targetHints":{"allow":["GET"]}}],"collection":[{"href":"https:\/\/www.artandlowvision.be\/fr\/wp-json\/wp\/v2\/pages"}],"about":[{"href":"https:\/\/www.artandlowvision.be\/fr\/wp-json\/wp\/v2\/types\/page"}],"author":[{"embeddable":true,"href":"https:\/\/www.artandlowvision.be\/fr\/wp-json\/wp\/v2\/users\/1"}],"replies":[{"embeddable":true,"href":"https:\/\/www.artandlowvision.be\/fr\/wp-json\/wp\/v2\/comments?post=11"}],"version-history":[{"count":66,"href":"https:\/\/www.artandlowvision.be\/fr\/wp-json\/wp\/v2\/pages\/11\/revisions"}],"predecessor-version":[{"id":7927,"href":"https:\/\/www.artandlowvision.be\/fr\/wp-json\/wp\/v2\/pages\/11\/revisions\/7927"}],"wp:attachment":[{"href":"https:\/\/www.artandlowvision.be\/fr\/wp-json\/wp\/v2\/media?parent=11"}],"curies":[{"name":"wp","href":"https:\/\/api.w.org\/{rel}","templated":true}]}}

<p class="has-text-align-center"><em>« En faisant simplement appel à la mémoire<br/>le malvoyant est capable<br/>de dessiner l&rsquo;objet invisible de sa passion<br/>et de retrouver sa place dans la société. »<br/>« Charles Emmanuel SCHELFHOUT »</em></p>

<p>L&rsquo;association Art et déficience visuelle a été fondée en 2014 par Charles Emmanuel Schelfhout, un artiste devenu lui-même déficient visuel. En 2023, Sa Majesté le Roi Philippe lui accordera le titre de Baron pour son engagement en faveur des artistes malvoyants.</p>

<p>Notre mission est d&rsquo;encourager les personnes malvoyantes en leur donnant la possibilité de participer au concours international de dessin, de peinture et de sculpture et de présenter leurs œuvres dans le cadre d&rsquo;expositions publiques. Chaque année, un jury distingué, présidé par le professeur Bart Leroy de l&rsquo;université de Gand, sélectionne les lauréats sur la base des critères suivants :<br/>Harmonie et sensibilité artistique,<br/>Originalité du message,<br/>Qualité et complexité de l&rsquo;interprétation.</p>

<p>Enfin, le prix du public, décerné en ligne ou en personne lors des expositions, récompensera l&rsquo;œuvre la plus populaire.</p>

<p class="has-text-align-center has-medium-font-size"><strong>2026</strong></p>

<p>Les inscriptions au concours international annuel de dessin, de peinture et de sculpture pour malvoyants sont ouvertes jusqu&rsquo;au 1er octobre 2026.</p>

<p>Exposition des œuvres participantes et cérémonie de remise des prix : 26 novembre pendant le congrès OB26 au Square à Bruxelles.</p>

<p>Prix du public : soutenez les artistes déficients visuels en participant en ligne du 25 octobre au 15 décembre 2026.</p>

<p>Rejoignez-nous et aidez les personnes dont la visibilité est obstruée par le brouillard.</p>

<p>info@artandlowvision.be</p>

<p>Dendermondesteenweg 519/201, 9070 Destelbergen, Belgique<br/>Avenue Reine Astrid 29/8, 4900 Spa Belgique<br/>Compte bancaire : IBAN : BE95 0004 2639 8458 BIC : BPOTBEB1</p>

<p></p>

<p>« En faisant simplement appel à la mémoirele malvoyant est capablede dessiner l&rsquo;objet invisible de sa passionet de retrouver sa place dans la société. »« Charles Emmanuel SCHELFHOUT » L&rsquo;association Art et déficience visuelle a été fondée en 2014 par Charles Emmanuel Schelfhout, un artiste devenu lui-même déficient visuel. En 2023, Sa Majesté le Roi Philippe lui accordera le [&hellip;]</p>

« En faisant simplement appel à la mémoirele malvoyant est capablede dessiner l&rsquo;objet invisible de sa passionet de retrouver sa place dans la société. »« Charles Emmanuel SCHELFHOUT » L&rsquo;association Art et déficience visuelle a été fondée en 2014 par Charles Emmanuel Schelfhout, un artiste devenu lui-même déficient visuel. En 2023, Sa Majesté le Roi Philippe lui accordera le…
